{"id":2146,"date":"2021-10-26T09:49:41","date_gmt":"2021-10-26T07:49:41","guid":{"rendered":"https:\/\/www.weingut-schott.de\/neu\/?page_id=2146"},"modified":"2025-08-03T15:56:37","modified_gmt":"2025-08-03T13:56:37","slug":"impressum","status":"publish","type":"page","link":"https:\/\/www.weingut-schott.de\/neu\/impressum\/","title":{"rendered":"Impressum"},"content":{"rendered":"<section class=\"wpb-content-wrapper\"><p>[vc_row css=&#8221;.vc_custom_1635339694180{background-color: #ffffff !important;}&#8221;][vc_column][vc_empty_space]<div class=\"columns_wrap sc_columns columns_nofluid sc_columns_count_2\"><div class=\"column-1_2 sc_column_item sc_column_item_1 odd first\">[vc_column_text]Weingut J\u00fcrgen Schott<br \/>\nAuf der Peterswiese 17<br \/>\n55271 Stadecken-Elsheim<\/p>\n<p>Tel.: 06136\/3630<br \/>\nFax: 06136\/3616<br \/>\nMail.: weingut.schott@t-online.de<\/p>\n<p><strong>Gesellschafter:<\/strong> Winzermeister J\u00fcrgen Schott<\/p>\n<p><strong>Verantwortlicher:<\/strong><br \/>\nJ\u00fcrgen Schott \u00b7 Auf der Peterswiese 17 \u00b7 55271 Stadecken-Elsheim<\/p>\n<p>Ust ID: DE 265595246<\/p>\n<p><strong>Haftungshinweis:<\/strong><br \/>\nF\u00fcr den Inhalt externer Links zeichnen ausschlie\u00dflich deren Betreiber<br \/>\nverantwortlich. Das Weingut Schott \u00fcbernimmt hierf\u00fcr keine Haftung.<\/p>\n<p><strong>Aufsichtsbeh\u00f6rden:<\/strong><br \/>\nMinisterium f\u00fcr Wirtschaft, Verkehr, Landwirtschaft u. Weinbau<br \/>\nStiftsstra\u00dfe 9 \u00b7 55116 Mainz<\/p>\n<p>Landwirtschaftskammer Rheinland-Pfalz<br \/>\nBurgenlandstr. 7 \u00b7 Bad-Kreuznach<\/p>\n<p>Chemisches Untersuchungsamt Mainz<br \/>\nEmy-R\u00f6der-Str. 1 \u00b7 55129 Mainz<\/p>\n<p><strong>Konzeption und Realisation:<\/strong><br \/>\nCosmossolutions<br \/>\nFotos: Weingut Schott<br \/>\nSektfoto Fotolia: Datei: #76731955 | Urheber: <a href=\"https:\/\/de.fotolia.com\/p\/203340911\" target=\"_blank\" rel=\"noopener noreferrer\">seventysix<\/a><br \/>\nSektflasche Fotolia: Datei: #45425940 | Urheber: <a href=\"https:\/\/de.fotolia.com\/p\/201276607\" target=\"_blank\" rel=\"noopener noreferrer\">Lukas Gojda<\/a><br \/>\nKirsche Fotolia: Datei: #116802653 | Urheber: <a href=\"https:\/\/de.fotolia.com\/p\/204717228\" target=\"_blank\" rel=\"noopener noreferrer\">azure<\/a>[\/vc_column_text]<\/div><div class=\"column-1_2 sc_column_item sc_column_item_2 even\">[vc_column_text]<strong>Urheberrecht:<\/strong><br \/>\nTexte, Grafiken und Bilder sowie das Layout und Design des Internetauftrittes sind urheberrechtlich gesch\u00fctzt. Jede Nutzung bzw. Vervielf\u00e4ltigung bedarf der ausdr\u00fccklichen Genehmigung durch das Weingut Schott und CosmosSolutions. Eine Reproduktion bzw. Vervielf\u00e4ltigung der Internetseiten im Ganzen, in Teilen oder modifizierter Form ist grunds\u00e4tzlich untersagt.<\/p>\n<p><strong>Hinweis zur Streitschlichtung\/Verbraucherstreitbeteiligungsgesetz(VSBG):<br \/>\n<\/strong> Bitte beachten Sie, dass wir nicht bereit oder verpflichtet sind, an einem Streitbeteiligungverfahren der Verbraucherschlichtungsstellen teilzunehmen.<\/p>\n<p><strong>Hinweis zur Nutzung von Google Analytics<\/strong><br \/>\nweingut-schott.de benutzt Google Analytics, einen Webanalysedienst der Google Inc. (\u201eGoogle\u201c). Google Analytics verwendet sog. \u201eCookies\u201c, Textdateien, die auf Ihrem Computer gespeichert werden und die eine Analyse der Benutzung der Website durch Sie erm\u00f6glichen. Die durch den Cookie erzeugten Informationen \u00fcber Ihre Benutzung dieser Website (einschlie\u00dflich Ihrer IP-Adresse) wird an einen Server von Google in den USA \u00fcbertragen und dort gespeichert. Lesen Sie auch die <a href=\"https:\/\/www.google.com\/intl\/de\/policies\/privacy\/index.html\" target=\"_blank\" rel=\"noopener noreferrer\">Datenschutzhinweise von Google<\/a>.<\/p>\n<p><strong>Verwendung von Facebook Social Plugins<\/strong><br \/>\nDiese Website verwendet sogenannte Social Plugins des Anbieters facebook.com , welches von der Facebook Inc., 1601 S. California Ave, Palo Alto, CA 94304, USA betrieben wird (\u201cFacebook\u201d). Die Plugins sind mit Facebook gekennzeichnet. Wenn der Nutzer die Website aufruft, baut der Browser des Nutzers eine direkte Verbindung mit den Servern von Facebook Inc. auf. Der Inhalt des Social Plugin wird von Facebook Inc. direkt an den Browser des Nutzers \u00fcbermittelt und von diesem in die Webseite eingebunden. Facebook Inc. erh\u00e4lt durch die Einbindung der Social Plugins die Information, dass der Nutzer die entsprechende Site aufgerufen hat. Ist der Nutzer bei Facebook eingeloggt, kann Facebook Inc. den Besuch dem Facebook-Konto des Nutzers zuordnen. Wenn Sie durch die Plugins mit anderen Nutzern in Interaktion treten, zum Beispiel den \u201cGef\u00e4llt mir\u201d Button bet\u00e4tigen oder einen Kommentar abgeben, wird die entsprechende Information von dem Browser des Nutzers direkt an Facebook Inc. \u00fcbermittelt und dort gespeichert. Der Zweck und der Umfang der jeweiligen Datenerhebung und die weitere Verarbeitung und Nutzung der Daten durch Facebook Inc. sowie die diesbez\u00fcglichen Rechte und Einstellungsm\u00f6glichkeiten der Nutzers zum Schutz der Privatsph\u00e4re sind den <a href=\"http:\/\/www.facebook.com\/legal\/terms\" target=\"_blank\" rel=\"noopener noreferrer\">Datenschutzhinweisen von Facebook Inc.<\/a> zu entnehmen. M\u00f6chte der Nutzer nicht, dass Facebook Inc. \u00fcber die Website Daten \u00fcber ihn sammelt, muss der Nutzer sich vor dem Besuch der Website bei Facebook ausloggen.[\/vc_column_text][vc_column_text][\/vc_column_text]<\/div><\/div>[\/vc_column][\/vc_row]<\/p>\n<\/section>","protected":false},"excerpt":{"rendered":"<p>[vc_row css=&#8221;.vc_custom_1635339694180{background-color: #ffffff !important;}&#8221;][vc_column][vc_empty_space][\/vc_column][\/vc_row]<\/p>\n","protected":false},"author":1,"featured_media":0,"parent":0,"menu_order":0,"comment_status":"closed","ping_status":"closed","template":"","meta":[],"_links":{"self":[{"href":"https:\/\/www.weingut-schott.de\/neu\/wp-json\/wp\/v2\/pages\/2146"}],"collection":[{"href":"https:\/\/www.weingut-schott.de\/neu\/wp-json\/wp\/v2\/pages"}],"about":[{"href":"https:\/\/www.weingut-schott.de\/neu\/wp-json\/wp\/v2\/types\/page"}],"author":[{"embeddable":true,"href":"https:\/\/www.weingut-schott.de\/neu\/wp-json\/wp\/v2\/users\/1"}],"replies":[{"embeddable":true,"href":"https:\/\/www.weingut-schott.de\/neu\/wp-json\/wp\/v2\/comments?post=2146"}],"version-history":[{"count":8,"href":"https:\/\/www.weingut-schott.de\/neu\/wp-json\/wp\/v2\/pages\/2146\/revisions"}],"predecessor-version":[{"id":3679,"href":"https:\/\/www.weingut-schott.de\/neu\/wp-json\/wp\/v2\/pages\/2146\/revisions\/3679"}],"wp:attachment":[{"href":"https:\/\/www.weingut-schott.de\/neu\/wp-json\/wp\/v2\/media?parent=2146"}],"curies":[{"name":"wp","href":"https:\/\/api.w.org\/{rel}","templated":true}]}}